{"id":779,"date":"2023-10-11T08:48:38","date_gmt":"2023-10-11T06:48:38","guid":{"rendered":"https:\/\/pionier.net.pl\/pionierid\/?page_id=779"},"modified":"2025-04-16T14:26:33","modified_gmt":"2025-04-16T12:26:33","slug":"dokumenty-towarzyszace","status":"publish","type":"page","link":"https:\/\/pionier.net.pl\/pionierid\/pionier-id\/dokumenty-towarzyszace\/","title":{"rendered":"DOKUMENTY TOWARZYSZ\u0104CE"},"content":{"rendered":"\t\t<div data-elementor-type=\"wp-page\" data-elementor-id=\"779\" class=\"elementor elementor-779\">\n\t\t\t\t\t\t<section class=\"elementor-section elementor-top-section elementor-element elementor-element-d8e5c5d elementor-section-boxed elementor-section-height-default elementor-section-height-default\" data-id=\"d8e5c5d\" data-element_type=\"section\">\n\t\t\t\t\t\t<div class=\"elementor-container elementor-column-gap-default\">\n\t\t\t\t\t<div class=\"elementor-column elementor-col-100 elementor-top-column elementor-element elementor-element-164f6a0\" data-id=\"164f6a0\" data-element_type=\"column\">\n\t\t\t<div class=\"elementor-widget-wrap elementor-element-populated\">\n\t\t\t\t\t\t<div class=\"elementor-element elementor-element-ec8e2ef elementor-widget elementor-widget-heading\" data-id=\"ec8e2ef\" data-element_type=\"widget\" data-widget_type=\"heading.default\">\n\t\t\t\t<div class=\"elementor-widget-container\">\n\t\t\t\t\t<h1 class=\"elementor-heading-title elementor-size-default\">Dokumenty towarzysz\u0105ce na potrzeby rejestracji dostawcy to\u017csamo\u015bci w Federacji PIONIER.Id<\/h1>\t\t\t\t<\/div>\n\t\t\t\t<\/div>\n\t\t\t\t<div class=\"elementor-element elementor-element-b434af8 elementor-widget__width-initial elementor-widget elementor-widget-text-editor\" data-id=\"b434af8\" data-element_type=\"widget\" data-widget_type=\"text-editor.default\">\n\t\t\t\t<div class=\"elementor-widget-container\">\n\t\t\t\t\t\t\t\t\t<p>Regulamin federacji nak\u0142ada na Operatora obowi\u0105zek zweryfikowania dodaktkowych dokument\u00f3w.<\/p><dl><\/dl>\t\t\t\t\t\t\t\t<\/div>\n\t\t\t\t<\/div>\n\t\t\t\t<div class=\"elementor-element elementor-element-d1cb8d0 elementor-widget__width-initial elementor-widget elementor-widget-text-editor\" data-id=\"d1cb8d0\" data-element_type=\"widget\" data-widget_type=\"text-editor.default\">\n\t\t\t\t<div class=\"elementor-widget-container\">\n\t\t\t\t\t\t\t\t\t<p>Lokalny regulamin korzystania z us\u0142ug dost\u0119pnych za po\u015brednictwem Federacji.<\/p><dl><\/dl>\t\t\t\t\t\t\t\t<\/div>\n\t\t\t\t<\/div>\n\t\t\t\t<div class=\"elementor-element elementor-element-b847c39 elementor-widget__width-initial elementor-widget elementor-widget-text-editor\" data-id=\"b847c39\" data-element_type=\"widget\" data-widget_type=\"text-editor.default\">\n\t\t\t\t<div class=\"elementor-widget-container\">\n\t\t\t\t\t\t\t\t\t<p>Regulamin powinien informowa\u0107 u\u017cytkownik\u00f3w o tym, w jaki spos\u00f3b przebiega proces uwierzytelnienia w us\u0142udze zewn\u0119trznej, w szczeg\u00f3lno\u015bci, \u017ce w czasie uwierzytelnienia nast\u0119puje przekazanie danych osobowych u\u017cytkownika.<br \/>Regulamin musi r\u00f3wnie\u017c stwierdza\u0107, \u017ce u\u017cytkownik nie mo\u017ce udost\u0119pnia\u0107 swojego konta innym osobom oraz korzysta\u0107 z konta w spos\u00f3b, kt\u00f3ry jest zgodny z regulaminem konkretnej us\u0142ugi.<\/p><p>Przyk\u0142adowymi dokumentami tego typu mog\u0105 by\u0107:\u00a0<a href=\"https:\/\/www.uci.umk.pl\/index.php\/Polityka_bezp_za%C5%82_3\" target=\"_blank\" rel=\"noopener\">regulamin UMK<\/a>\u00a0oraz\u00a0<a href=\"https:\/\/dis.uj.edu.pl\/regulamin-zewnetrznych-uslug\" target=\"_blank\" rel=\"noopener\">regulamin UJ<\/a>.<\/p><p>Prosimy zwr\u00f3ci\u0107 uwag\u0119, na fakt, \u017ce je\u017celi w regulaminie wymieniana jest zamkni\u0119ta lista przekazywanych typ\u00f3w danych, to powinna ona by\u0107 dostatecznie szeroka, aby pokrywa\u0107 wszystkie mo\u017cliwe przypadki. Zakres potrzebnych danych mo\u017ce by\u0107 r\u00f3\u017cny dla r\u00f3\u017cnych us\u0142ug, ale katalog danych obejmuje tylko imi\u0119, nazwisko, e-mail, specyficzny dla us\u0142ugi identyfikator pseudonimowy, identyfikator w us\u0142udze (np. identyfikator POLON), status w instytucji (student, staff, employee, itp. &#8211; zamkni\u0119ty s\u0142ownik) i identyfikator ORCID.Na temat RODO przygotowali\u015bmy obszern\u0105 informacj\u0119 na wydzielonej stronie.<\/p><p>Na temat RODO przygotowali\u015bmy obszern\u0105 informacj\u0119 na wydzielonej <a href=\"https:\/\/pionier.net.pl\/pionierid\/rodo\">stronie.<\/a><\/p><dl><\/dl>\t\t\t\t\t\t\t\t<\/div>\n\t\t\t\t<\/div>\n\t\t\t\t\t<\/div>\n\t\t<\/div>\n\t\t\t\t\t<\/div>\n\t\t<\/section>\n\t\t\t\t<section class=\"elementor-section elementor-top-section elementor-element elementor-element-1fb07e1 elementor-section-boxed elementor-section-height-default elementor-section-height-default\" data-id=\"1fb07e1\" data-element_type=\"section\">\n\t\t\t\t\t\t<div class=\"elementor-container elementor-column-gap-default\">\n\t\t\t\t\t<div class=\"elementor-column elementor-col-100 elementor-top-column elementor-element elementor-element-e93e655\" data-id=\"e93e655\" data-element_type=\"column\">\n\t\t\t<div class=\"elementor-widget-wrap elementor-element-populated\">\n\t\t\t\t\t\t<div class=\"elementor-element elementor-element-0e8bd98 elementor-widget elementor-widget-heading\" data-id=\"0e8bd98\" data-element_type=\"widget\" data-widget_type=\"heading.default\">\n\t\t\t\t<div class=\"elementor-widget-container\">\n\t\t\t\t\t<h1 class=\"elementor-heading-title elementor-size-default\">Procedura zarz\u0105dzania to\u017csamo\u015bci\u0105<\/h1>\t\t\t\t<\/div>\n\t\t\t\t<\/div>\n\t\t\t\t<div class=\"elementor-element elementor-element-aa328c9 elementor-widget__width-initial elementor-widget elementor-widget-text-editor\" data-id=\"aa328c9\" data-element_type=\"widget\" data-widget_type=\"text-editor.default\">\n\t\t\t\t<div class=\"elementor-widget-container\">\n\t\t\t\t\t\t\t\t\t<p>Nie musi to by\u0107 dokument publiczny, wystarczy opis, w jaki spos\u00f3b zak\u0142adane s\u0105 konta, jak wygl\u0105da procedura likwidacji kont lub uprawnie\u0144 do us\u0142ug zewn\u0119trznych. Podstawowym celem tego dokumentu ma by\u0107 zapewnienie, \u017ce do us\u0142ug zewn\u0119trznych nie b\u0119da dopuszczane osoby nieuprawnione. Je\u017celi instytucja stosuje polityk\u0119 pozostawiania kont studenckich na zawsze, to powinna stosowa\u0107 metody, kt\u00f3re ogranicz\u0105 by\u0142ym studentom dost\u0119p do us\u0142ug zewn\u0119trznych. Jednym ze sposob\u00f3w jest nie wysy\u0142anie atrubytu eduPersonScopedAffiliation lub zmiana warto\u015bci tego atrybutu na &#8220;alum&#8221;.<\/p><p>Przyk\u0142adowe dokumenty:\u00a0<a href=\"https:\/\/www.uci.umk.pl\/index.php\/Polityka_bezp_za%C5%82_1\" target=\"_blank\" rel=\"noopener\">procedura UMK<\/a>;\u00a0<a href=\"https:\/\/pomocit.uj.edu.pl\/tozsamosc\">procedura UJ<\/a>.<\/p><dl><\/dl>\t\t\t\t\t\t\t\t<\/div>\n\t\t\t\t<\/div>\n\t\t\t\t\t<\/div>\n\t\t<\/div>\n\t\t\t\t\t<\/div>\n\t\t<\/section>\n\t\t\t\t<section class=\"elementor-section elementor-top-section elementor-element elementor-element-be792c5 elementor-section-boxed elementor-section-height-default elementor-section-height-default\" data-id=\"be792c5\" data-element_type=\"section\">\n\t\t\t\t\t\t<div class=\"elementor-container elementor-column-gap-default\">\n\t\t\t\t\t<div class=\"elementor-column elementor-col-100 elementor-top-column elementor-element elementor-element-858dc7d\" data-id=\"858dc7d\" data-element_type=\"column\">\n\t\t\t<div class=\"elementor-widget-wrap elementor-element-populated\">\n\t\t\t\t\t\t\t<\/div>\n\t\t<\/div>\n\t\t\t\t\t<\/div>\n\t\t<\/section>\n\t\t\t\t<section class=\"elementor-section elementor-top-section elementor-element elementor-element-6baabcf elementor-section-boxed elementor-section-height-default elementor-section-height-default\" data-id=\"6baabcf\" data-element_type=\"section\">\n\t\t\t\t\t\t<div class=\"elementor-container elementor-column-gap-default\">\n\t\t\t\t\t<div class=\"elementor-column elementor-col-100 elementor-top-column elementor-element elementor-element-f585f54\" data-id=\"f585f54\" data-element_type=\"column\">\n\t\t\t<div class=\"elementor-widget-wrap elementor-element-populated\">\n\t\t\t\t\t\t\t<\/div>\n\t\t<\/div>\n\t\t\t\t\t<\/div>\n\t\t<\/section>\n\t\t\t\t<\/div>\n\t\t","protected":false},"excerpt":{"rendered":"<p>Dokumenty towarzysz\u0105ce na potrzeby rejestracji dostawcy to\u017csamo\u015bci w Federacji PIONIER.Id Regulamin federacji nak\u0142ada na Operatora obowi\u0105zek zweryfikowania dodaktkowych dokument\u00f3w. Lokalny regulamin korzystania z us\u0142ug dost\u0119pnych za po\u015brednictwem Federacji. Regulamin powinien informowa\u0107 u\u017cytkownik\u00f3w o tym, w jaki spos\u00f3b przebiega proces uwierzytelnienia w us\u0142udze zewn\u0119trznej, w szczeg\u00f3lno\u015bci, \u017ce w czasie uwierzytelnienia nast\u0119puje przekazanie danych osobowych u\u017cytkownika.Regulamin musi [&hellip;]<\/p>\n","protected":false},"author":11,"featured_media":0,"parent":8,"menu_order":0,"comment_status":"closed","ping_status":"closed","template":"elementor_header_footer","meta":{"footnotes":""},"class_list":["post-779","page","type-page","status-publish","hentry"],"_links":{"self":[{"href":"https:\/\/pionier.net.pl\/pionierid\/wp-json\/wp\/v2\/pages\/779"}],"collection":[{"href":"https:\/\/pionier.net.pl\/pionierid\/wp-json\/wp\/v2\/pages"}],"about":[{"href":"https:\/\/pionier.net.pl\/pionierid\/wp-json\/wp\/v2\/types\/page"}],"author":[{"embeddable":true,"href":"https:\/\/pionier.net.pl\/pionierid\/wp-json\/wp\/v2\/users\/11"}],"replies":[{"embeddable":true,"href":"https:\/\/pionier.net.pl\/pionierid\/wp-json\/wp\/v2\/comments?post=779"}],"version-history":[{"count":38,"href":"https:\/\/pionier.net.pl\/pionierid\/wp-json\/wp\/v2\/pages\/779\/revisions"}],"predecessor-version":[{"id":827,"href":"https:\/\/pionier.net.pl\/pionierid\/wp-json\/wp\/v2\/pages\/779\/revisions\/827"}],"up":[{"embeddable":true,"href":"https:\/\/pionier.net.pl\/pionierid\/wp-json\/wp\/v2\/pages\/8"}],"wp:attachment":[{"href":"https:\/\/pionier.net.pl\/pionierid\/wp-json\/wp\/v2\/media?parent=779"}],"curies":[{"name":"wp","href":"https:\/\/api.w.org\/{rel}","templated":true}]}}